{"id":3642,"date":"2023-01-31T17:49:19","date_gmt":"2023-01-31T17:49:19","guid":{"rendered":"https:\/\/www.fidedefide.com\/?post_type=product&#038;p=3642"},"modified":"2026-02-12T12:41:13","modified_gmt":"2026-02-12T12:41:13","slug":"karpuz-fidesi-171li-koli-2","status":"publish","type":"product","link":"https:\/\/www.fidedefide.com\/index.php\/product\/karpuz-fidesi-171li-koli-2\/","title":{"rendered":"KARPUZ F\u0130DES\u0130 150&#8217;L\u0130 KOL\u0130"},"content":{"rendered":"<p>[vc_row][vc_column width=&#8221;1\/4&#8243;][vc_single_image image=&#8221;3107&#8243; img_size=&#8221;full&#8221; onclick=&#8221;custom_link&#8221; link=&#8221;#&#8221; css=&#8221;.vc_custom_1483004652691{margin-bottom: 20px !important;}&#8221;][\/vc_column][vc_column width=&#8221;3\/4&#8243;][vc_column_text css=&#8221;.vc_custom_1483004707676{margin-bottom: 0px !important;}&#8221;]<\/p>\n<div class=\"content--description\">\n<p>Crimson Sweet tipi<br \/>\n\u00c7ok g\u00fczel kabuk rengi ve deseni<br \/>\nYuvarlak<br \/>\n\u00c7ok tatl\u0131<br \/>\nErkenci<\/p>\n<\/div>\n<div class=\"content--description\"><\/div>\n<p>&nbsp;<\/p>\n<p>[\/vc_column_text][\/vc_column][\/vc_row]<\/p>\n","protected":false},"excerpt":{"rendered":"<p><span class=\"label label-lg label-primary\"><b>Viyol \u015eekli:<\/b><\/span><\/p>\n","protected":false},"featured_media":3106,"comment_status":"open","ping_status":"closed","template":"","meta":[],"product_cat":[191,152],"product_tag":[182,183,181,179,180],"_links":{"self":[{"href":"https:\/\/www.fidedefide.com\/index.php\/wp-json\/wp\/v2\/product\/3642"}],"collection":[{"href":"https:\/\/www.fidedefide.com\/index.php\/wp-json\/wp\/v2\/product"}],"about":[{"href":"https:\/\/www.fidedefide.com\/index.php\/wp-json\/wp\/v2\/types\/product"}],"replies":[{"embeddable":true,"href":"https:\/\/www.fidedefide.com\/index.php\/wp-json\/wp\/v2\/comments?post=3642"}],"wp:featuredmedia":[{"embeddable":true,"href":"https:\/\/www.fidedefide.com\/index.php\/wp-json\/wp\/v2\/media\/3106"}],"wp:attachment":[{"href":"https:\/\/www.fidedefide.com\/index.php\/wp-json\/wp\/v2\/media?parent=3642"}],"wp:term":[{"taxonomy":"product_cat","embeddable":true,"href":"https:\/\/www.fidedefide.com\/index.php\/wp-json\/wp\/v2\/product_cat?post=3642"},{"taxonomy":"product_tag","embeddable":true,"href":"https:\/\/www.fidedefide.com\/index.php\/wp-json\/wp\/v2\/product_tag?post=3642"}],"curies":[{"name":"wp","href":"https:\/\/api.w.org\/{rel}","templated":true}]}}